47
What is the greatest common factor of 192874 and 1903?
11
What is the greatest common factor of 9990 and 27210?
30
What is the highest common divisor of 2862 and 3632938?
106
Calculate the highest common divisor of 195638 and 598.
46
What is the greatest common factor of 6805017 and 325833?
1041
Calculate the highest common divisor of 872129 and 8.
1
What is the greatest common divisor of 34 and 48965848?
34
What is the highest common divisor of 151110270 and 9?
9
Calculate the highest common divisor of 640 and 2461145.
5
Calculate the greatest common factor of 285849553 and 5324.
1331
Calculate the highest common factor of 84 and 35466508.
28
What is the greatest common divisor of 45955 and 49377991?
1313
Calculate the greatest common factor of 1400 and 7784.
56
Calculate the highest common factor of 3319188 and 36.
12
Calculate the highest common factor of 50 and 148085960.
10
Calculate the greatest common factor of 685 and 207549794.
137
Calculate the greatest common divisor of 248064 and 3156.
12
Calculate the greatest common factor of 5895 and 95940.
45
What is the highest common factor of 1179270603 and 119?
119
Calculate the greatest common factor of 730232 and 6734.
74
Calculate the greatest common divisor of 1628 and 62503804.
1628
Calculate the greatest common divisor of 270 and 1114208595.
135
Calculate the highest common divisor of 332981757 and 3348.
279
What is the greatest common factor of 15682745 and 6235?
215
Calculate the greatest common factor of 72000 and 985.
5
What is the highest common factor of 160594244 and 452?
452
Calculate the highest common divisor of 2106655 and 315.
5
Calculate the highest common factor of 525561336 and 72.
72
What is the greatest common factor of 235 and 297412851?
47
Calculate the greatest common factor of 2911760 and 960.
80
Calculate the highest common divisor of 10272 and 13262008.
856
What is the highest common factor of 794 and 1048408319?
397
Calculate the greatest common factor of 108144 and 405.
9
Calculate the highest common divisor of 121820546 and 9764.
4882
Calculate the highest common factor of 6821700 and 24.
12
Calculate the greatest common divisor of 1233 and 10832427.
9
What is the greatest common factor of 591274 and 57428?
586
What is the highest common factor of 321308625 and 8250?
4125
Calculate the highest common factor of 705 and 612238215.
705
Calculate the greatest common divisor of 342 and 2219618.
38
Calculate the highest common factor of 1160064 and 436.
4
What is the highest common divisor of 31584 and 12831?
987
What is the greatest common factor of 247 and 2015615?
19
What is the highest common factor of 4770 and 142671495?
795
Calculate the greatest common divisor of 377817 and 1638384.
3531
Calculate the highest common factor of 21309460 and 1580.
1580
Calculate the greatest common factor of 32689 and 8681457.
337
Calculate the greatest common factor of 215743 and 4174003.
1783
Calculate the highest common divisor of 21770928 and 288.
144
What is the highest common divisor of 492 and 11911074?
246
Calculate the highest common factor of 283829 and 3731.
91
What is the highest common divisor of 1532 and 8044532?
1532
What is the highest common factor of 1705 and 3252755?
55
What is the greatest common divisor of 5602188 and 1140?
228
Calculate the greatest common divisor of 883856827 and 283.
283
Calculate the greatest common factor of 2709 and 26431326.
387
Calculate the highest common divisor of 471104 and 520033.
433
Calculate the highest common factor of 401 and 1227403657.
401
What is the greatest common divisor of 754 and 175580848?
58
Calculate the greatest common factor of 67777118 and 174.
58
Calculate the highest common factor of 174780 and 56790.
90
What is the highest common divisor of 582 and 16033518?
582
Calculate the greatest common factor of 230040118 and 1186.
1186
What is the greatest common factor of 161 and 37084579?
161
What is the greatest common divisor of 22144 and 585432?
1384
What is the greatest common divisor of 21 and 575682303?
21
What is the greatest common factor of 132 and 5578068?
12
Calculate the greatest common factor of 105780960 and 1980.
180
What is the highest common factor of 2472 and 698874?
6
Calculate the highest common factor of 22540 and 401450.
70
Calculate the greatest common factor of 397 and 1045670210.
397
Calculate the highest common factor of 513 and 2439923.
19
What is the greatest common factor of 495862208 and 80?
16
Calculate the greatest common divisor of 6326 and 38395657.
3163
Calculate the greatest common factor of 1341482 and 2317709.
6641
What is the greatest common divisor of 275 and 25432946?
11
What is the greatest common divisor of 1414 and 2534494?
202
Calculate the greatest common factor of 15368 and 95372.
452
Calculate the greatest common divisor of 3864 and 30743916.
1932
Calculate the highest common factor of 176 and 6874576.
16
What is the highest common divisor of 14 and 16757482?
14
What is the highest common factor of 640 and 24695?
5
Calculate the greatest common factor of 1138 and 18654665.
569
Calculate the greatest common factor of 138496 and 1552.
16
What is the highest common factor of 87334178 and 282?
94
Calculate the greatest common divisor of 40314871 and 991.
991
What is the greatest common factor of 2604 and 17734573?
31
What is the greatest common divisor of 440 and 4897090?
110
What is the greatest common divisor of 25742656 and 24?
8
What is the highest common factor of 1865050 and 450?
50
What is the greatest common factor of 30740786 and 7748?
298
Calculate the greatest common divisor of 101848 and 4524.
116
Calculate the highest common divisor of 165903656 and 9905.
283
What is the highest common divisor of 5190 and 4014999570?
5190
What is the highest common factor of 235837 and 9163?
49
What is the highest common factor of 310470 and 70626?
474
What is the highest common factor of 5051441 and 263?
263
What is the greatest common factor of 667039 and 8701?
113
What is the highest common divisor of 10092 and 13404?
12
What is the highest common factor of 3724 and 1358809396?
3724
Calculate the highest common divisor of 61687263 and 4234.
2117
What is the greatest common divisor of 816 and 839784?
24
Calculate the greatest common divisor of 614103 and 798.
21
What is the greatest common divisor of 572 and 613052?
44
Calculate the greatest common divisor of 1488160 and 17685.
655
Calculate the highest common divisor of 559 and 111374128.
43
What is the greatest common divisor of 6909042 and 623994?
7518
Calculate the highest common factor of 1140 and 3964236.
228
What is the highest common factor of 611 and 204282?
13
What is the greatest common factor of 6494592 and 169?
13
What is the highest common divisor of 275 and 118291925?
25
What is the greatest common divisor of 13442805 and 270?
45
What is the greatest common factor of 1960 and 592760?
280
What is the highest common factor of 2409 and 976156?
73
Calculate the greatest common divisor of 9144 and 2076.
12
Calculate the highest common factor of 1375 and 723360.
55
Calculate the highest common factor of 3276233 and 428.
107
Calculate the greatest common factor of 3152912 and 692.
4
What is the greatest common factor of 20 and 254819540?
20
What is the highest common factor of 483 and 214997853?
21
Calculate the highest common factor of 2656 and 9148592.
1328
What is the greatest common factor of 3857 and 215327?
133
What is the greatest common factor of 9136526 and 238?
14
Calculate the greatest common divisor of 7254401 and 33.
11
What is the highest common factor of 12054198 and 90480?
2262
What is the greatest common divisor of 212450 and 139300?
350
What is the highest common factor of 35415300 and 7020?
60
Calculate the greatest common divisor of 1995 and 32757330.
285
Calculate the highest common divisor of 56317 and 540086.
199
Calculate the highest common factor of 10838510 and 20.
10
What is the highest common divisor of 68427180 and 5?
5
What is the highest common divisor of 1064624 and 1408?
176
What is the greatest common factor of 2600 and 1084075?
25
What is the highest common factor of 271269 and 692631?
1377
What is the greatest common factor of 80227 and 553924?
511
What is the highest com